 46 and w.
23
Suppose -4*v = -3*j + 65, 2*j = -4*v + j - 69. Let y = 37 + v. Suppose 0*w + 100 = w. Calculate the highest common divisor of y and w.
20
Let l be -5*19/(-1) - 24/(-6). What is the highest common factor of 11 and l?
11
Suppose 0 = 3*p + 2*p - 20. Let b = -1 + p. What is the greatest common divisor of 15 and b?
3
Let p be (5/(-2))/(7/(-98)). Let j(s) = -6*s**3 + 2*s**2 - 1. Let n be j(-1). Calculate the greatest common divisor of p and n.
7
Let u(b) = 4 - 1 + 9 - b + 2*b. Let j be u(-5). Suppose -4*a - 12 + 320 = 0. Calculate the greatest common factor of a and j.
7
Let o = -288 - -52. Let w(t) = -5*t**2 - 2*t. Let l be w(-5). Let h = l - o. Calculate the greatest common divisor of 11 and h.
11
Let q be (5*(-12)/(-15))/(4 - 3). Suppose -5*l - 4*b + 23 = 0, 3*l - 4*b + 5 = 2*l. Suppose 9 = x - l. Calculate the highest common factor of q and x.
4
Let l(w) = w**2 - w + 792. Let m be l(0). Suppose -2*f + m = -0*f. Let n be f/14 - 10/35. Calculate the highest common factor of n and 4.
4
Let y be (120/(-16))/(6/8*-1). What is the greatest common factor of y and 90?
10
Suppose -5*z - 9 = -14*z. What is the greatest common divisor of 1 and z?
1
Suppose 3*v = 4*h - v - 4, -h - 8 = -4*v. Calculate the greatest common factor of h and 32.
4
Let m be 1 + (-4)/6 - 623/(-21). What is the greatest common factor of 90 and m?
30
Let w be (-5 + 7)*(1 + 0). Suppose -20 = 2*g - 50. Let o = g - w. Calculate the highest common factor of o and 104.
13
Let o = -12 - -62. Suppose -6*t + 2*t - 2*d + 46 = 0, 7 = t - d. What is the greatest common factor of o and t?
10
Let u(j) = 12*j + 3. Let i be u(5). Suppose 6 = 4*z - 2*z. Suppose -z*p = 2*a - 55, -5*p - 2*a = -18 - 79. What is the highest common divisor of i and p?
21
Let m(n) = 56*n - 2. Let t be m(1). What is the greatest common divisor of t and 6?
6
Let i be 7/(3 + 1 + -3). Suppose i = 2*s - s. What is the greatest common factor of s and 7?
7
Let g(i) = -i**3 + 6*i**2 - 2*i + 6. Let c be g(5). Calculate the highest common divisor of 14 and c.
7
Let t(r) = r. Let y be t(-1). Let n be y/(0 + -1)*55. What is the highest common divisor of n and 11?
11
Suppose -729 = -8*r - r. Calculate the highest common divisor of r and 9.
9
Suppose -3*o + 139 + 77 = 0. Suppose -6*z - 64 = -14*z. Calculate the greatest common factor of z and o.
8
Let n be -7 + 5 + 12/2. Suppose -n*q - q = 40. Let p be (15/(-12))/(1/q). What is the highest common factor of 50 and p?
10
Let d = 17 + -2. What is the greatest common divisor of d and 135?
15
Suppose 5*f = -w + 35, -3*f - 21 = -6*f - 4*w. Let y = f - 0. What is the greatest common divisor of y and 63?
7
Suppose 3*o - 9 = 3. Let j(b) = 2*b + 2. Let g be j(o). What is the highest common divisor of 2 and g?
2
Let k = -27 + 102. Calculate the highest common divisor of 15 and k.
15
Let j be 8/(-28) + 30/7. Suppose 2*c + 3*c - 50 = 0. Calculate the greatest common divisor of j and c.
2
Suppose 0 = -3*c - 3*u + 84, -27 = -4*c - 3*u + 85. What is the greatest common factor of 4 and c?
4
Suppose -o - 59 - 121 = -5*f, 135 = 4*f + o. Let s = f + -23. Calculate the greatest common divisor of s and 60.
12
Let r(h) = -h - 1. Let d be r(6). Let c = -3 - d. Suppose -4*x - c*s + 112 = -56, 0 = 5*x - s - 228. What is the greatest common divisor of x and 30?
15
Suppose 2*t = 3*a - 7, 2*a + 10 = -0*t + 5*t. Calculate the highest common divisor of t and 1.
1
Suppose -25 = -q + 3*k, -q = 3*q - k - 45. Calculate the greatest common factor of 2 and q.
2
Let c(u) = u**3 + 2*u**2 - 8*u - 4. Let i be c(-3). Let q = 8 - 3. Suppose q + i = y. Calculate the greatest common factor of y and 24.
8
Let h(k) = -5*k - 3. Suppose f = 3 - 0. Let x be h(f). Let z be (-8)/36 + (-184)/x. Calculate the greatest common factor of z and 20.
10
Suppose 0 = 2*c + 44 - 148. Let o = 19 - 6. What is the greatest common factor of c and o?
13
Let u = 29 + -19. Let m(q) = -4*q**2. Let g be m(1). Let h be g/(-3) - (-584)/12. Calculate the highest common divisor of h and u.
10
Let v = 61 - 43. Suppose 0 = 2*x + x - v. What is the greatest common factor of x and 30?
6
Let u be (-2 - 0)/(2/(-3)). Suppose -2*m - 4 = -4*d + 6, d = u*m. What is the highest common divisor of d and 3?
3
Suppose 0 = -5*z + 5, -136 = -3*r + 3*z + 140. What is the greatest common divisor of r and 62?
31
Suppose -19*v + 16*v = -81. Calculate the greatest common factor of 189 and v.
27
Let j be (31 - (2 + -3))*1. Let k = j - -3. What is the highest common factor of 14 and k?
7
Let l = 12 - 4. Calculate the greatest common divisor of l and 8.
8
Let h(j) = -6*j - 16. Let f be h(-5). What is the greatest common factor of 112 and f?
14
Suppose -7*w = -6*w - 121. What is the greatest common divisor of w and 11?
11
Suppose 46 - 166 = -3*v. Suppose 2*f - 2*j = 3*j - 10, 3*f + 5*j - 35 = 0. What is the greatest common divisor of v and f?
5
Let r(n) = 21*n**3 - 2*n**2 - n. Let y be r(-1). Let s be 4/(-6) - y/6. Let x = 1 + 32. Calculate the highest common factor of s and x.
3
Let u be -3*4/(-6)*(10 - 6). What is the greatest common factor of u and 64?
8
Suppose -204 = -4*h + 4*s, 3*s + 2*s = h - 63. Calculate the highest common divisor of 16 and h.
16
Suppose -4*u - 2*l = -24, -2*u + 4*l = -5*u + 28. Let m be 263*((4 - 2) + -1). Suppose 0 = -u*z - 23 + m. Calculate the greatest common divisor of 24 and z.
12
Suppose 0 = -3*l + 2*h + 31 + 39, 2*l = 3*h + 55. Calculate the highest common factor of l and 50.
10
Let u = 3 - 9. Let j = 2 - u. What is the greatest common factor of j and 88?
8
Let d(v) = -v + 8. Let a be d(6). Let m be 1218/24 - a/(-8). Calculate the highest common factor of m and 17.
17
Let i = -47 - -100. Let n(a) = -7*a + 1. Let h be n(1). Let r be i + -1 - h/3. Calculate the greatest common factor of r and 36.
18
Let o(d) = -d**2 + 3. Let k be o(0). Suppose -v - q = -5*q, k*q = 6. Suppose 0*z + 3*z - 36 = 0. Calculate the highest common factor of v and z.
4
Let i be 21068/36 + 6/(-27). Suppose -11*z = -16*z + i. Calculate the highest common factor of 13 and z.
13
Let i = 4 + -16. Let a = i + 133. What is the highest common factor of 11 and a?
11
Suppose -i + 4*i = 15. Let a(p) = p**2 + 2*p + 1. Let s be a(-6). What is the highest common factor of i and s?
5
Let u = -3 + 6. Suppose z = -u*z - 8. Let j be z/(-10) - 1254/(-30). Calculate the highest common divisor of j and 28.
14
Suppose -5*u + 2*u - 5*g = 379, -5*u + 5*g = 645. Let z be (u/(-8))/(1/1). What is the highest common divisor of 144 and z?
16
Let s(r) = r**2 - 6*r - 8. Let u be s(8). Calculate the highest common divisor of 32 and u.
8
Let o be -2 + 3 + (-27)/(-3). What is the greatest common divisor of o and 35?
5
Suppose -8*s - 11 = -51. Calculate the highest common factor of s and 95.
5
Suppose 0 = 4*t + b - 8 - 10, -b - 6 = -2*t. Suppose -t*n + u + 131 = 0, 26 = 2*n - u - 39. What is the highest common factor of n and 11?
11
Let b = 3 + 0. Let p(i) = -i**3 + 3*i**2 + 3*i + 1. Let j be p(4). Let r be 1*j*(-88)/b. Calculate the greatest common factor of r and 8.
8
Let w = -3 - -7. Let i be (-185)/(-10) - 6/w. What is the greatest common factor of i and 68?
17
Suppose 0 = z - 23 + 6. Calculate the highest common factor of 153 and z.
17
Suppose 4*t = -3*o - 2*o + 66, -4*t + 52 = -2*o. Let u be 1000/120 + 4/6 + -2. What is the highest common factor of u and t?
7
Let y = 16 + -16. Suppose -5 = -b - y. What is the highest common divisor of 20 and b?
5
Suppose k = -3*k + 268. Let m be -11 - ((-2)/(-2) + -1). Let w = k + m. What is the greatest common divisor of 7 and w?
7
Suppose -7 = 3*o - 13. Let v = o - 0. Suppose -t + 2*m + 2 = 5, -v*t - m = -4. Calculate the highest common factor of t and 3.
1
Let n be (-3)/(-2)*6/9. Let i be 3 - 3 - (n - 3). Let a = i - 0. What is the greatest common divisor of 5 and a?
1
Let i(y) = 4*y - 2*y + 3 + 4*y**3 - 6*y**2 + 2*y**2. Let o be i(3). Suppose -o + 25 = -4*u. Calculate the highest common factor of 154 and u.
14
Let b(s) = s**2 + 27*s - 18. Let r be b(-28). Calculate the highest common divisor of 4 and r.
2
Let x be (-4)/1*(-3)/2. Suppose 5*a + 2*v - 25 = 7*v, -3*a = v - 11. Let m = x - a. Calculate the greatest common factor of m and 4.
2
Let r = 205 + -160. What is the greatest common divisor of r and 5?
5
Suppose 33 = 2*n + 1. Suppose -7*r - 7*r + 28 